. Let n = -6 + p. Calculate the remainder when n is divided by 8.
7
Suppose 562 - 198 = 7*t. Calculate the remainder when t is divided by 18.
16
Let z = 116 - 80. Suppose -3*m = -2*l + 1 + 27, -4*l + z = 4*m. What is the remainder when 30 is divided by l?
8
Let n(x) = 2*x - 3. Let o be n(4). Suppose 5 = -2*v + z - 13, v + o*z - 13 = 0. Let u(h) = -2*h - 7. Calculate the remainder when 20 is divided by u(v).
6
Suppose -2*u + b = -4*b - 19, -u = -2*b - 11. Calculate the remainder when (2 - 4)/(4/(-66)) is divided by u.
16
Suppose 5*x = 2*a + 49, a = 2*x - 3*a - 10. Calculate the remainder when x is divided by 4/10 + 18/5.
3
Suppose 1 = q - 4. Calculate the remainder when 12 is divided by q.
2
Suppose -39 = -4*s - 3. Suppose 32 = 5*h + 2*q, 0*q = 3*h + 3*q - 21. Let m = 11 - h. Calculate the remainder when s is divided by m.
4
Let k be (-2)/4*(-94)/1. Suppose -5*w = -4*w - k. Let n = w + -30. Calculate the remainder when n is divided by 9.
8
Let k = -9 + 33. Calculate the remainder when 43 is divided by k.
19
Let c(u) be the second derivative of u**3/6 + 3*u**2 + u. Suppose -35*i + 113 = -692. Calculate the remainder when i is divided by c(6).
11
Let i(a) = -a - 1. Let n be i(-3). Suppose -n*s - 10 = -2. Let w(u) = u**3 + 6*u**2 + 4*u - 3. What is the remainder when 25 is divided by w(s)?
12
Suppose -2*x - 4*p = -12, 0*p + 6 = 2*x - 2*p. Suppose -x*k = -20 + 4. Let u = 10 - 3. What is the remainder when u is divided by k?
3
Suppose 3*p - p - 6 = 0. Suppose -5 = -b - p. Suppose -u + 1 = b*c, 0 = 6*c - 4*c - u - 11. What is the remainder when c is divided by 2?
1
Let l(j) = 2*j - 11. Calculate the remainder when l(19) is divided by 8.
3
Suppose 38 = 3*v - c, 38 + 4 = 3*v + 3*c. Let d(y) = y**2 - 11*y + 15. What is the remainder when d(v) is divided by 22?
19
Let q = 3 - -14. Let s = q - -32. Let l = -10 - -27. Calculate the remainder when s is divided by l.
15
Let q = 44 - 29. Let p(s) = -s**3 - 5*s**2 - 2*s + 8. What is the remainder when p(-6) is divided by q?
11
Suppose 0*t = -t. Let d(l) = -l**2 - l + 38. Calculate the remainder when d(t) is divided by 10.
8
Suppose 6*h + 2*u = 2*h + 28, -2*u + 7 = h. What is the remainder when 27 is divided by h?
6
Let t(z) be the third derivative of -17*z**6/720 - z**4/24 + z**2. Let m(v) be the second derivative of t(v). What is the remainder when m(-1) is divided by 6?
5
Let v = 5 - -1. Suppose -2*x + 5 = -5*n, x = 2*n + 9 - 4. Calculate the remainder when x is divided by v.
3
Suppose 99 = 2*y - 3*c, -4*y + 183 = -0*y - c. Suppose -4*x + 5*p + 33 = 0, -p = 4*x - 2*p - y. What is the remainder when -3*(40/(-6) - 1) is divided by x?
11
Suppose 0 = -4*b - 8 - 12. Let g(y) = y**2 + 3*y - 2. Let w be g(b). Calculate the remainder when 16 is divided by 70/w - (-2)/8.
7
Let u = 17 - 9. Let r = u - 3. Calculate the remainder when 7 is divided by r.
2
What is the remainder when 79 is divided by (11 - 1)*1*(-2)/(-1)?
19
Let j(z) = 4*z - 2. Let y be j(4). Let f be (-1)/(1/y*-2). Suppose -5*a + p + f = -101, 38 = 2*a - 3*p. Calculate the remainder when a is divided by 8.
6
What is the remainder when 31 is divided by (-3)/6 - 37/(-2)?
13
Suppose 0 = -u + 5*l - 3*l + 12, u + l - 3 = 0. Calculate the remainder when 22 is divided by u.
4
Let p(y) = -y**2 - 18*y + 33. Let c(r) = r**3 - 5*r**2 + 4*r - 3. Calculate the remainder when p(-17) is divided by c(5).
16
Let g(h) = -h + 7. What is the remainder when 20 is divided by g(-4)?
9
Suppose 26 = -5*o - 24. Let x = -30 - o. What is the remainder when 21 is divided by x/(-2) + 2/2?
10
Let z(g) = 20*g + 2. Let o = -25 - -47. What is the remainder when z(2) is divided by o?
20
Let m(q) = -7*q - 6. Let k = -8 + 16. Calculate the remainder when m(-3) is divided by k.
7
Suppose 2*n - 41 = 3*g, -44 = -3*n - 2*g + 3*g. Suppose -250 = -5*h - k, 0*h = -h - 2*k + 59. Calculate the remainder when h is divided by n.
10
Let m(q) = 3*q**3 + 4 - 5*q - 2*q**3 - 4*q**2 + 1. What is the remainder when (-168)/16*8/(-6) is divided by m(5)?
4
Calculate the remainder when 47 is divided by 100/6 - 1/(-3).
13
Let d(s) = 19*s - 3*s - 12*s + s**2 + 4. Suppose 4*t = -t - 25. Calculate the remainder when 17 is divided by d(t).
8
Let o(g) = g**2 + 2. Let v be o(5). Suppose 3*w - 4*w - v = 0. What is the remainder when 7 is divided by (-2)/(-9) + (-75)/w?
1
Suppose 5*n - 2*r = 69, -2*n + 11 = 2*r - 11. What is the remainder when 49 is divided by n?
10
Let v = 1 + 10. What is the remainder when 16 is divided by v?
5
Let z = 1 + 2. Suppose -2*a - 2*a + 4*f = -260, 197 = z*a - 2*f. Calculate the remainder when a is divided by 17.
16
Suppose -f = -5*f + 4*o - 36, -o + 5 = 0. Let s be f/6*15/(-2). Suppose -s*n + 43 = -7. What is the remainder when 29 is divided by n?
9
Let p(y) = -2*y - 5. Suppose -g + 24 = -3*g. Calculate the remainder when p(g) is divided by 7.
5
Let i(a) be the second derivative of -13*a**5/20 - a**3/3 - a**2/2 + 2*a. What is the remainder when 55 is divided by i(-1)?
13
Let f = 163 + -59. What is the remainder when f is divided by 15?
14
Let b(j) = 2*j**2 + 4*j - 1. Let a = 3 + 40. Calculate the remainder when a is divided by b(-4).
13
Let l = 9 + 1. Calculate the remainder when 39 is divided by l.
9
Let t = 171 - 131. Calculate the remainder when 110 is divided by t.
30
Let w = 6 - 8. Calculate the remainder when (3/w)/(3/(-42)) is divided by (-22)/(-8)*(-2 + 6).
10
Calculate the remainder when (-150)/(-6) + (2 - 0) is divided by 10.
7
Let k = 3 - 7. Let g = -1 - k. Suppose -2*f - g*f = -95. What is the remainder when f is divided by 11?
8
Let k(n) = -n**2 - 17*n - 7. Let a be k(-13). Let o = a - 29. Calculate the remainder when o is divided by 6.
4
Suppose 0 = -2*x + 5*o + 247, 3*x - 124 = 2*x + 3*o. What is the remainder when x is divided by 41?
39
Calculate the remainder when 248 is divided by (9 - 3 - 3) + 7.
8
Let w be -5 - -3 - -1*23. Suppose -3*r + w = -0*r. What is the remainder when 13 is divided by r?
6
Let l(v) = -8*v. What is the remainder when 125 is divided by l(-4)?
29
Let o(t) = t**3 - 4*t**2 - t - 7. Suppose -22 = -5*c + 3*k + 14, -k = -3. Suppose 5*g - c = 16. Calculate the remainder when o(g) is divided by 5.
3
Suppose -8 - 32 = -5*m. Let r(c) = 2*c**2 - 7*c + 3. Let g be r(m). Suppose -6*w = -w - g. Calculate the remainder when 44 is divided by w.
14
Let f = 13 - -5. Suppose 2 = -4*o + f. Suppose 45 = j - 3*u - 22, 3*u - 238 = -o*j. What is the remainder when j is divided by 16?
13
Suppose 0 = -3*z + 5 + 106. What is the remainder when z is divided by (-1*2/2)/((-5)/95)?
18
Let k = 1 - -14. Suppose 2*t + 115 = c - 2*c, t - 4*c = -44. Let u = 84 + t. What is the remainder when u is divided by k?
13
Let h = -2 - -6. Suppose -i + b = -b - 8, 4 = h*b. Calculate the remainder when -1*2*(-205)/i is divided by 14.
13
Let j = -10 - -15. Let q be 14/(-49) + (-16)/(-7). Suppose -q*z = -4*z + 18. Calculate the remainder when z is divided by j.
4
Let u(f) = -f + 24. What is the remainder when u(0) is divided by 9?
6
Let l(x) = -5*x + 2. Let k = 14 + -19. Calculate the remainder when 107 is divided by l(k).
26
Suppose 48 = n - 5*n. Calculate the remainder when (-3)/2*32/n is divided by (4 - (-3 - -4))/1.
1
Let z = -84 - -331. What is the remainder when z is divided by 31?
30
Let c = 9 + -5. What is the remainder when (-15)/4*24/(-9) is divided by c?
2
Suppose 2*s + 2*j - 20 = 4*j, -4*j = 3*s + 5. Let y(f) = 2*f**2 - 5*f - 5. Calculate the remainder when y(s) is divided by 11.
9
Calculate the remainder when 34 is divided by 1 + (-1 - -4 - -2).
4
Calculate the remainder when (0 + 4/10)/((-3)/(-1395)) is divided by 11.
10
What is the remainder when (16/6 - 3)*-309 is divided by 26?
25
Suppose 0*u - 54 = 3*u. What is the remainder when (-843)/(-18) - 3/u is divided by 16?
15
Suppose 2*c + 3*c + 115 = 0. Let i = 33 + c. Calculate the remainder when 18 is divided by i.
8
Let g = 2 + -2. Suppose -4*k = g, 3*f - 5*k = -4 - 2. Calculate the remainder when (26/4)/(f/(-4)) is divided by 5.
3
Suppose -2*j = -3*s + 5 - 33, 3*s = -2*j + 40. Calculate the remainder when 50 is divided by j.
16
Let d(y) = 2*y**2 + 3*y - 1. Let h = 6 + -9. What is the remainder when 22 is divided by d(h)?
6
Suppose -3*o - 96 = -o. Let j = -33 - o. Calculate the remainder when 29 is divided by j.
14
Let x = 106 -